.
-4
Let d(w) = -89*w**2 - 24929*w + 24930. Give d(1).
-88
Let v(h) = h**3 + 222*h**2 + 1054*h - 5307. Calculate v(-217).
1420
Let l(j) = 393*j**2 + 11547*j - 23090. What is l(2)?
1576
Let z(c) = -19*c - 410. What is z(59)?
-1531
Let a(r) = -2*r**3 - 92*r**2 + 528*r + 554. What is a(7)?
-944
Let i(k) = 3169*k**2 - 60212*k + 20. What is i(19)?
1
Let q(b) = -227*b - 10535. What is q(-49)?
588
Let t(v) = -1579*v + 67910. What is t(43)?
13
Let m(c) = -c**2 - 1329*c - 277940. Give m(-260).
0
Let f(g) = -323*g - 8972. Give f(-22).
-1866
Let t(d) = d**3 + 261*d**2 - 795*d - 775. Determine t(-264).
17
Let r(t) = -35*t**3 - 4*t**2 + 11*t. Calculate r(-2).
242
Let b(r) = -r**2 + 856*r + 37695. What is b(-42)?
-21
Let j(b) = 671*b - 233484. What is j(345)?
-1989
Let z(t) = 10*t**2 - 1160*t - 100916. Give z(174).
4
Let u(d) = -3*d**3 + 53*d**2 + 16411*d - 295033. What is u(18)?
41
Let u(q) = -63*q**3 - 34*q**2 + 133*q + 406. Calculate u(-2).
508
Let t(o) = -o**2 - 2955*o - 1372108. Determine t(-577).
-2
Let n(r) = -857841*r + 14583291. Calculate n(17).
-6
Let b(n) = -153*n + 4207. Determine b(21).
994
Let m(o) = -2*o**3 - 21*o**2 - 22*o + 100. Calculate m(-8).
-44
Let q(r) = r**3 - 2*r**2 - 304*r - 174. Determine q(0).
-174
Let z(l) = -l**3 - 43*l**2 + 6*l - 3487. What is z(-45)?
293
Let w(a) = -2*a**3 + 55*a**2 + 1161*a - 14. Calculate w(-14).
0
Let m(c) = c**2 + 72985*c + 437875. Give m(-6).
1
Let j(z) = -z**2 - 2998*z + 76058. Give j(25).
483
Let n(c) = -c**2 - 41*c - 165. What is n(-40)?
-125
Let x(c) = -238*c - 28. What is x(2)?
-504
Let k(w) = w**3 + 296*w**2 + 299*w + 2161. Determine k(-295).
981
Let z(h) = 54*h**2 + 27874*h + 27873. What is z(-1)?
53
Let h(k) = -2*k**2 + 255*k + 1068. Calculate h(144).
-3684
Let p(d) = -d**3 - 3*d**2 + 211*d - 178. Calculate p(-17).
281
Let k(b) = b**2 + 83*b - 671. Calculate k(-82).
-753
Let s(g) = -g**2 + 1409*g + 185057. What is s(-121)?
-73
Let n(d) = -d**3 + 12*d**2 - 1610*d + 15913. Determine n(10).
13
Let m(i) = -22*i**2 + 2550*i - 4796. What is m(114)?
-8
Let s(v) = 9*v - 572. Determine s(56).
-68
Let g(x) = -3670*x + 7342. Calculate g(2).
2
Let f(m) = 8*m**2 + 3*m - 36. Give f(3).
45
Let m(v) = 1329*v + 3935. Give m(-3).
-52
Let r(f) = -21*f**3 - 4432*f**2 - 209*f + 407. Determine r(-211).
-15
Let k(i) = -1285*i + 8110. Calculate k(7).
-885
Let y(q) = q**3 - 15*q**2 + 51*q - 92. What is y(11)?
-15
Let i(c) = -7*c**3 - 7*c**2 + 163*c + 2. Calculate i(8).
-2726
Let c(o) = -o**3 + 12*o**2 - 8*o + 167. What is c(13)?
-106
Let z(v) = v**3 - 11*v**2 - 698*v + 4353. Give z(6).
-15
Let s(b) = 214*b - 37695. Calculate s(172).
-887
Let t(k) = -3*k**3 + 37*k**2 + 31*k - 390. Determine t(12).
126
Let p(d) = 4104*d**2 - 77975*d - 25. Give p(19).
-6
Let t(b) = 1056*b + 6068. What is t(-6)?
-268
Let y(v) = -2*v**3 - 57*v**2 - 173*v + 49. Calculate y(-25).
-1
Let f(m) = -m**3 - 25*m**2 - 5767*m - 184538. Determine f(-31).
5
Let k(u) = 5*u**2 + 97329*u - 389350. Determine k(4).
46
Let a(v) = -21*v**2 - 166*v - 27. Calculate a(-8).
-43
Let d(o) = -o**2 - 91784*o - 183565. Determine d(-2).
-1
Let j(w) = -203329*w + 9759786. What is j(48)?
-6
Let z(i) = 44*i**2 - 737*i + 1675. Calculate z(14).
-19
Let o(x) = -5283*x - 380369. What is o(-72)?
7
Let v(k) = 12*k**3 - 27*k**2 + 45*k - 3. Calculate v(0).
-3
Let g(d) = 5*d**2 - 1188*d - 31382. Calculate g(-24).
10
Let m(f) = 19*f**2 + 7234*f + 394678. Determine m(-66).
-2
Let d(a) = -919*a - 26859. Give d(-29).
-208
Let q(r) = 13146*r + 5271541. What is q(-401)?
-5
Let q(s) = 2*s**2 - 87*s - 428266. Calculate q(485).
-11
Let v(l) = 56*l**3 + 113*l**2 + 86*l + 184. What is v(-2)?
16
Let h(m) = -m**2 - 597*m - 52820. What is h(-489)?
-8
Let g(p) = 2*p**2 - 98*p - 3518. What is g(52)?
-3206
Let z(a) = -16*a**3 - 751*a**2 + 46*a - 54. Determine z(-47).
-7
Let m(s) = 292*s + 668. Calculate m(2).
1252
Let f(c) = 1351*c + 16199. What is f(-12)?
-13
Let h(u) = 10*u**2 + 952*u + 244. What is h(-98)?
2988
Let x(z) = z**3 - 130*z**2 + 257*z + 4. Calculate x(2).
6
Let j(f) = f**3 + 1264*f**2 - 5241*f - 214284. Determine j(-1268).
8
Let q(n) = 410*n - 19. Determine q(-2).
-839
Let f(z) = -z**3 + 10*z**2 - 1089*z + 29748. What is f(22)?
-18
Let t(c) = 255*c**2 + 17328*c - 217. Determine t(-68).
599
Let i(r) = -6*r**2 + 759*r - 7620. Give i(11).
3
Let z(s) = -397*s + 22860. Calculate z(57).
231
Let q(o) = -34866*o - 767044. Calculate q(-22).
8
Let p(h) = -5*h**3 - h**2 + 787*h - 2366. What is p(3)?
-149
Let f(o) = 553*o - 26307. Give f(53).
3002
Let j(x) = 2*x**2 - 6446*x + 472255. What is j(75)?
55
Let z(w) = 7*w**3 - 325*w**2 + 3425*w - 256. Determine z(16).
16
Let x(y) = 367*y - 3028. What is x(11)?
1009
Let n(i) = i**3 + 52*i**2 + 2*i - 230. Determine n(-52).
-334
Let v(g) = 339*g**2 - 6208*g - 29. Determine v(19).
4398
Let h(j) = -797*j + 602. Calculate h(1).
-195
Let f(q) = -22*q**2 - 132*q + 1213. What is f(5)?
3
Let v(g) = -4*g**3 + 57*g**2 - 70*g - 578. Determine v(5).
-3
Let c(v) = v**3 - 62*v**2 + 19*v + 264. Give c(0).
264
Let d(u) = -u**3 - 29*u**2 - 191*u - 2260. Calculate d(-25).
15
Let f(a) = -2*a**3 + 222*a**2 - 3042*a + 272. Determine f(95).
82
Let q(m) = 2*m**2 - 1075*m - 7647. Calculate q(-7).
-24
Let i(p) = -41*p**2 + 18*p - 10. Calculate i(5).
-945
Let u(l) = 28*l**2 - 6651*l + 78973. Calculate u(225).
-2
Let n(l) = l**3 - 370*l**2 - 4295*l + 39629. Determine n(381).
5
Let t(j) = -137*j**2 + 35276*j + 89438. Determine t(260).
-2
Let m(b) = 21681*b - 130168. Give m(6).
-82
Let z(x) = 52*x**2 + 3070*x + 249. What is z(-59)?
131
Let l(c) = -117*c**2 + 100*c + 15. Determine l(4).
-1457
Let s(w) = -595*w - 229085. Determine s(-385).
-10
Let u(z) = 2*z**2 + 63*z - 2859. Give u(-55).
-274
Let r(b) = -b**2 - 4179*b + 12416. Determine r(3).
-130
Let j(i) = -i**3 - 8*i**2 - 767*i - 5377. What is j(-7)?
-57
Let z(b) = -464*b**2 - 323*b + 673. Determine z(2).
-1829
Let n(t) = t**3 - 3*t**2 + 4309*t + 21764. Determine n(-5).
19
Let l(z) = 4*z**2 - 383*z + 1480. Calculate l(4).
12
Let p(y) = y**2 + 1459*y + 370975. Calculate p(-328).
7
Let q(m) = 5*m**3 + 226*m**2 + 78*m + 419. Determine q(-45).
-1066
Let w(f) = 5457*f + 212812. What is w(-39)?
-11
Let i(m) = 234*m + 4344. Give i(-18).
132
Let b(k) = 21*k**3 - 2458*k**2 - 13*k + 15200. Give b(117).
-10
Let l(x) = 28*x**2 - 220*x + 1093. Calculate l(5).
693
Let a(f) = -3*f**2 + 1165*f + 88399. Determine a(-65).
-1
Let u(r) = -r**3 + 6*r**2 + 313*r - 358. Calculate u(18).
1388
Let r(t) = -25416*t + 1347082. Calculate r(53).
34
Let x(m) = m**3 - 17*m**2 + 85936*m - 429381. What is x(5)?
-1
Let f(k) = 45*k**2 + 797*k - 800. What is f(1)?
42
Let n(m) = m**3 - 92*m**2 - 113*m + 1834. Give n(93).
-26
Let k(o) = -10235*o + 4124673. What is k(403)?
-32
Let r(f) = 398*f**2 + 3583*f + 21. Calculate r(-9).
12
Let j(q) = 1690*q - 22879. Determine j(14).
781
Let o(n) = -21*n**2 - 17871*n - 228769. What is o(-838)?
5
Let w(s) = -526*s - 47383. Determine w(-90).
-43
Let p(x) = -4*x**3 + 2*x**2 - 46*x + 80. Calculate p(2).
-36
Let x(q) = -q**3 - 8*q**2 + 305*q + 59. Calculate x(14).
17
Let q(g) = 1278*g + 74080. Determine q(-58).
-44
Let v(y) = 438*y + 26247. Determine v(-60).
-33
Let f(c) = -2*c**2 + 2403*c - 709541. What is f(679)?
14
Let r(v) = v**3 + 168*v**2 - 1386*v + 3866. Calculate r(-176).
-6
Let f(a) = a**3 + 120*a**2 + 3792*a + 24196. Calculate f(-72).
4
Let u(j) = 129023*j - 774124. Calculate u(6).
14
Let f(k) = -2*k**3 + 57*k**2 + 187*k + 143. What is f(32)?
-1041
Let x(y) = -y**2 + 921*y + 4613. Give x(-5).
-17
Let m(s) = 54875*s + 1152353. Calculate m(-21).
-22
Let l(u) = u**3 - 7*u**2 - 114*u - 287. Calculate l(-4).
-7
Let j(b) = b**2 + 314*b - 3558. What is j(11)?
17
Let l(h) = 14629*h + 218518. Determine l(-15).
-917
Let j(m) = -5*m**3 - 124*m**2 + 451*m + 10635. Give j(-25).
-15
Let v(g) = 3*g**2 - 87*g - 388. Give v(-4).
8
Let w(g) = g**3 - 36*g**2 - 710*g + 541. Determine w(50).
41
Let m(u) = 6*u**3 + 729*u**2 - 1865*u - 496. Give m(-124).
124
Let p(g) = 39513*g + 1027330. What is p(-26)?
-8
Let v(c) = -5*c**3 - 29*c**2 + 1004*c + 5112. Calculate v(-5).
-8
Let o(r) = r**3 - 32*r**2 + 232*r - 374. Determine o(6).
82
Let j(g) = -75039*g - 225205. Determine j(-3).
-88
Let q(m) = -100053*m + 500275. Determine q(5).
10
Let b(k) = -64